 -2). Let i = c + -56. Let h(z) = -z**3 - 5*z**2 + 5*z - 8. Calculate h(i).
-2
Let c(x) be the third derivative of -13*x**4/12 - x**3/6 + 4998*x**2. Let q be ((-2)/(-4))/((-4)/(-8)). Give c(q).
-27
Let o(x) = 2*x - 48. Let c = -4409 + 4432. What is o(c)?
-2
Let x(q) be the third derivative of -q**5/60 + q**4/4 - 4*q**3/3 - 107*q**2 + 7*q - 2. Suppose -9 - 1 = -5*p, -4*a = -5*p - 14. Determine x(a).
-8
Let p(x) = x**2 - 5*x**2 + 3*x**2 + 12*x + 1844404 - 1844335. Determine p(16).
5
Let y(b) = -20*b**3 - 4*b**2 + 10*b - 2. Let g(a) = 74*a**3 + 16*a**2 - 38*a + 8. Let p(k) = 3*g(k) + 11*y(k). Calculate p(-4).
-46
Let s(p) = p**2 - 2*p + 4. Let t be 20/130 - (-2988)/13. Let i = t - 224. What is s(i)?
28
Let z(d) be the first derivative of d**5/120 + 7*d**4/8 - 80*d**3 - 235. Let i(g) be the third derivative of z(g). What is i(-19)?
2
Let a be -1*1*(-5 + 22/2). Let g be (-2 - 8)/((-2 + a)/4). Let c(o) = -g*o**2 + 12 - 28 - o**3 + 20. Determine c(-5).
4
Let d(o) be the second derivative of 1 + 1/2*o**3 + 1/2*o**2 + 52*o. Let k(y) = y**2 - 12*y - 12. Let p be k(13). Give d(p).
4
Let f = 6773 - 6786. Let n(d) = -d**3 - 15*d**2 - 16*d + 20. Determine n(f).
-110
Suppose -2*w = -28 - 16. Let l = w + -14. Let h(s) = -s - 3*s**3 - 7 + 2 + l*s**3 + 4. Give h(-1).
-5
Let u(q) be the first derivative of q**4/2 + 7*q**3/3 - 4*q - 2033. What is u(-3)?
5
Let s(v) = v**3 + 5*v**2 + 4*v + 3. Let y be s(-4). Suppose 8*m = -5*j + y*m + 35, j - 5*m + 23 = 0. Let a(z) = -46 + 85 - 7*z - z**j - 40. Calculate a(-7).
-1
Let k(t) = 4 - 3*t**2 + 3*t**2 + 4*t**2 - 5*t**2 - 8*t. Let p = 40 - 61. Let l = p + 13. What is k(l)?
4
Let d(w) = -29 + 6*w - 2*w**2 + 10*w**2 + 0*w**2 - 9*w**2 + 23. Calculate d(6).
-6
Let y(s) = s**2 - 4*s + 11. Let q(k) = -7 - 14 - 9 - k + 30. Let v(u) = -5*q(u) - y(u). What is v(8)?
-3
Let t = 14920 - 14917. Let y(x) be the second derivative of 0 - 15*x - 3*x**2 + 1/6*x**t. Determine y(-7).
-13
Let w(l) = l**3 - 4*l**2 + 11*l - 8. Let v(o) = 2*o**3 - 4*o**2 + 14*o - 10. Let s(h) = -2*v(h) + 3*w(h). Calculate s(2).
-18
Let v(k) = k**2 + 10*k - 17. Let r be (-1116)/108 - (-5)/(-3). Calculate v(r).
7
Suppose 1 - 115 = -3*f. Let b = f - 37. Let h be 0 + 6 - 1 - (b - 1). Let k(n) = -n**2 + 8*n - 5. Calculate k(h).
10
Suppose -25*s + 22*s = -2*c - 22, 0 = 4*c - 3*s + 32. Let a(k) = 30*k**2 + 24*k**2 - 4 + 4*k - 53*k**2. Give a(c).
1
Let d(l) = l - 449. Let u(m) = 5*m - 2672. Let k(z) = -6*d(z) + u(z). Determine k(18).
4
Let d(p) = -2*p**2 - 478*p**3 - 15*p + 1453*p**3 - 487*p**3 - 5*p**2 - 489*p**3 - 5. What is d(-4)?
7
Let l(b) = b**3 - 7*b**2 + 3*b + 1. Suppose -327 = -21*c - 32*c - 62. What is l(c)?
-34
Let h(t) = -41*t - 40*t - 41*t + 25 - 44*t + 167*t. Suppose 0 = -o - 4 - 8. Determine h(o).
13
Let g(b) be the second derivative of b**3/3 - 3*b**2/2 + 101*b. Suppose 2*k + 0*k = 14. Suppose -3*p + k*p = 12. Give g(p).
3
Suppose 4*p + 328 = -5*w - 72, -5*w + 3*p = 400. Let r be ((-9)/5)/(24/w). Let h(b) = -2*b + 11. What is h(r)?
-1
Suppose a + 3*y = 12 + 13, 5*a = -5*y + 75. Let p(c) = 4*c - 11 + 22 - 6 - a - c**2. Calculate p(4).
-5
Let f(z) = 83*z - 582. Let u be f(7). Let m(g) = 47*g**3 + g**2 + 4*g + 2. Give m(u).
-48
Let n(a) = 11*a + 56. Suppose 5*h - 3*l + 101 = 67, 5*h + 2*l + 19 = 0. Give n(h).
1
Let o(s) = 6*s - 7. Let k be o(-3). Let p be 66/30 - (-30)/k. Let h(d) = 14*d. Calculate h(p).
14
Let j(a) = a**3 - 9*a**2 + 19*a - 3. Let z be j(6). Let q(t) = -2 + 86*t**z + 90*t**3 + t**2 + t - t**2 - 181*t**3. Determine q(1).
-6
Let i = 25 + -30. Let q(j) = 5*j - 9. Let n be q(i). Let o = -41 - n. Let w(v) = -v**3 - 6*v**2 + 6*v + 4. Calculate w(o).
11
Let a(w) be the first derivative of w**3/3 - w**2/2 - 5*w + 1. Suppose -4*u = -4*x - 32, 3*u + 34 = -3*x + 4. Let q be x + (46/299 - 63/(-13)). Determine a(q).
15
Let j = 520 + -502. Suppose q - 34 = 22*v - j*v, -v = 4*q. Let d(c) = -c**2 - 10*c - 1. Give d(v).
15
Let v(a) be the second derivative of a**5/20 + 2*a**4/3 - 5*a**3/6 + a**2/2 + 66*a + 2. Give v(-9).
-35
Let n be 6/6 + 5 + 329. Let p = n + -339. Let j(c) = -3*c - 5. What is j(p)?
7
Let x(j) = -10*j + 70. Let l = 5307 + -5301. What is x(l)?
10
Let i(y) = -502 + 413 - 289 - 38*y. What is i(-10)?
2
Let q(h) = -15*h - 402. Let z be q(-20). Suppose -62 = 3*v + 253. Let o = z - v. Let r(y) = y - 2. What is r(o)?
1
Let p(b) = -2*b + 2 + 11*b**3 - 17*b**3 - 3*b**2 - b**3 + 8*b**3. Let v(k) = 3*k**2 + 16*k + 3. Let y be v(-7). Suppose -y = 2*w - 42. Calculate p(w).
-6
Let n(a) = 8*a - 27. Suppose 13*y = 21 + 31. Let v be n(y). Let k(d) = -d**2 + d + 5. Calculate k(v).
-15
Let m be (-1)/2 - (-861)/(-42). Let w = m + 18. Let s(r) = r**3 + 3*r**2 - r - 4. What is s(w)?
-1
Let j(q) = q + 20. Suppose -4*h = -5*l - 3 + 72, -3*l - 9 = 0. Let f be j(h). Let g(o) = -o + 56*o**2 - 56*o**2 - 17*o**3 - 13 + 12. Give g(f).
17
Let f(d) = -d**3 - 10*d**2 - 10*d + 8. Let b(l) = -2*l**3 - 10*l**2 - 10*l + 9. Let y(n) = -2*b(n) + 3*f(n). Let c = 39 - 28. Calculate y(c).
17
Let o = -685 + 677. Let c be 78/o + 0 - (-3)/4. Let w(i) = -3*i + 6. What is w(c)?
33
Let q(c) = -3*c**3 + 8*c**2 - 13*c + 7. Let u be q(1). Let x(r) = 8*r - 2. Calculate x(u).
-10
Let s(o) be the second derivative of -o**5/20 - 19*o**4/12 + 65*o**3/6 - 25*o**2/2 - o - 1061. Calculate s(-22).
-3
Let o(x) = -2*x - 2. Let p be o(-4). Suppose 0 = r + r + p, -36 = 5*a + 2*r. Let g(q) = -58*q + 7 + 112*q - 53*q. What is g(a)?
1
Let o(s) = s**3 + 24*s**2 - 26*s - 27. Let z be (-6)/51 + 3*(-8)/(-204). Suppose z = 4*x + c + 101, -5*x - 8 - 120 = 3*c. What is o(x)?
-2
Let n(f) = -4*f - 2. Let c(r) be the first derivative of r**2/2 - 3. Let y(o) = 5*c(o) + n(o). Suppose 2645*h - 54 = 2654*h. Give y(h).
-8
Let z(o) = 16*o + 7. Let a be z(-4). Let v = -61 - a. Let f(t) = t**3 + t + 5*t - 2*t**3 + 0*t**3 + 1 - 2*t**2. Calculate f(v).
9
Let y = -167 + 171. Suppose 37*o - 20 = 32*o, -5*z + o = y. Let v(l) = -l**2 - l - 18. What is v(z)?
-18
Let x(r) = r - 2358 - 8*r + 2353 - r**2. Let z = -163 - -157. What is x(z)?
1
Let l(v) = 11 + 10*v**2 - 4858*v**3 - 29 + 4857*v**3. Calculate l(10).
-18
Suppose -3*h = 31 + 191. Let p be 4 + 35/(-14) - (-137)/2. Let a = h + p. Let q(i) = -i - 5. Give q(a).
-1
Let c(l) = l**2 - 11*l - 12. Suppose 111*x - 41 = -p + 106*x, -3*p = 4*x - 68. Calculate c(p).
68
Let h(d) be the first derivative of 211 - 4*d + 1/2*d**2. What is h(8)?
4
Let q be 1446/(42/7) + 3. Let l(g) = -q + 121 - g**3 - g - 4*g**2 + 122. What is l(-2)?
-7
Let t(c) = -12 + 74 - 27 - 28. Let d(y) = 4*y**2 + y. Let m be d(1). Let s(g) = g + 6. Let w(v) = m*s(v) - 4*t(v). Determine w(5).
27
Let u = -495 + 505. Let c(f) = -3 - 192*f**3 + 191*f**3 + u*f + 5*f**2 - 4*f. Calculate c(4).
37
Let f(p) be the first derivative of -6*p**2 - p - 2. Suppose 0 = 11*d + 3*d + 140. Let h be ((-2)/(-4))/(5/d*1). Give f(h).
11
Let f(c) = 7*c - 27. Let k(s) = s - 5. Let h(g) = f(g) - 6*k(g). Let w be h(4). Let z(q) = -q - 1. Determine z(w).
-8
Suppose 2 = 68*h - 70*h. Let q(v) be the first derivative of -v**4/4 - v - 115. Determine q(h).
0
Let r(t) = t**2. Let f be (-1 + 3)/(4/(-204)*-6). Suppose -4*z = -4*j - 20, 21*z - 2 = -2*j + f*z. Calculate r(j).
9
Let h(d) = -28092 - d + 28117 - 18*d**2 + 17*d**2. Determine h(0).
25
Suppose 36 = -42*w + 54*w. Let f(b) = 3*b**2 - 5*b - 11. Let r be f(w). Let v(d) = -8*d**3 - 2*d**2 + 1. What is v(r)?
-9
Suppose 19*c - 30 = 8. Let x(d) = d**c + 4*d - 15*d - 2 + 8*d + 0*d**2 + 0. Determine x(3).
-2
Let b = 10956 + -10951. Let r(g) = g**3 - 8*g**2 - 1. What is r(b)?
-76
Let n(s) = -5*s - 593 + 116*s**2 + s**3 + 609 - 7*s - 127*s**2. Give n(12).
16
Let x(q) be the third derivative of -1/8*q**4 + 5*q + 0 + 1/6*q**3 + 12*q**2. Give x(6).
-17
Let y(p) = -3*p - 73. Suppose 3*r - 10 = -5*n, -3*r = 2*n - 84 + 80. Determine y(r).
-73
Let a(d) = 4*d**2 - 9*d + 17. Let v(z) = 11*z**2 - 27*z + 50. Let p(o) = -8*a(o) + 3*v(o). Let g be p(5). Let w(f) = f - 3. What is w(g)?
-9
Let d(n) = -4 + 5 - 2 - 12*n**2 + 0. Suppose 4*p - 7 = 5*o, 875*p = 878*p - 9. What is d(o)?
-13
Let k(q) be the first derivative of q**3/3 - 2*q**2 - 2. Let o = 15022 - 15019. Give k(o).
-3
Let v = -1001 - -992. Let d(n) = -5*n**2 - 42*n + 24. Calculate d(v).
-3
Suppose 15 = -32*d - 6 - 11. Let p(h) = -10*h**2 - 5*h - 6. Give p(d).